r + 18. Let x(z) = z + 1. Let s(i) = u(i) - 6*x(i). What is the units digit of s(p)?
4
Suppose 0 = -2*u - 5*m + 12, 2*u = -2*m + 4*m - 16. Let k = 0 - u. Suppose t = -k*j + 21, -2*j = 2*t - t - 13. What is the units digit of j?
4
Suppose 4*m - 182 = -5*v, -173 = -3*v + 3*m - 53. What is the units digit of v?
8
Let v(u) = u + 16. Let m be v(-12). Suppose -3*d = -0*d + 2*y - 5, m*d - y - 25 = 0. What is the units digit of d?
5
Let s(m) = m**2 - 4*m - 7. What is the units digit of s(-2)?
5
Let m(p) = -p**2 + p + 7. Let t be m(0). Suppose 2*a = t*a - 30. What is the units digit of a?
6
What is the units digit of -11 + 10 - 2*-20?
9
Let y be (-2 - -1) + (-56)/2. Let t = -18 - y. What is the tens digit of t?
1
Let a(f) = 2*f**2. Let p be a(1). Suppose -x + 8 = -p. What is the tens digit of x?
1
Let y be -1 + (-10)/6*-3. Suppose y*g - 6 = 10. Let t = 7 + g. What is the units digit of t?
1
Suppose 3*r - 88 = 38. What is the tens digit of r?
4
Let z = 24 + -11. What is the tens digit of z?
1
Suppose -10*k - 25 = -15*k. What is the units digit of k?
5
Let o(m) = -m**3 - m**2 + m + 3. Let d be o(0). Suppose 5*w - 6 = 3*w. Suppose c - 11 = -d*u, w*c - 5*c - 2*u + 18 = 0. What is the units digit of c?
8
Let x(n) = 20 - 12 + n**2 - n - 12. Let c(z) = z**3 + 3*z**2 - 1. Let j be c(-2). What is the units digit of x(j)?
2
Suppose -z - 12 = -3*z. Let p = z - 3. What is the units digit of p?
3
What is the units digit of 1 + (-3*8)/(-2)?
3
Let r = -138 + 204. What is the units digit of r?
6
Let a(v) = v**2 + 4*v. Let w be a(-4). Suppose 4*r - 8 = -4*f - 28, w = 4*r + 3*f + 22. Let d = r + 14. What is the units digit of d?
7
Let n = 20 + 69. What is the tens digit of n?
8
Let x = -30 - -36. What is the units digit of x?
6
What is the tens digit of 21 + 2 + (-6)/2?
2
Suppose -3*i = i + 3*m - 5, -5*i - m + 20 = 0. What is the units digit of i?
5
Suppose -3*r + 5*x = 4*x + 3, -2*x = -5*r - 6. What is the tens digit of (-22 + (r - 0))*-2?
4
What is the hundreds digit of (-25)/20*(-328)/2?
2
Let m(w) = w**2 - 14*w + 54. What is the tens digit of m(15)?
6
Let v be (-2 - -4 - -3)*1. Suppose x = v*x. Suppose x = 5*i - b - 28, -b = 2*i - 13 - 1. What is the units digit of i?
6
Let o(p) be the third derivative of p**4/8 - p**3/6 - 2*p**2. Let i be o(1). Suppose 0 = -c + i*c - 5*x - 19, 0 = -3*c + 5*x + 27. What is the units digit of c?
4
Suppose 32 = -w - 4*h, w - 2*h - h = -67. What is the tens digit of (w - -1)*(-2)/6?
1
Let u(d) = -d + 1. Let m be u(-2). Suppose 0 = -h + m*h - 42. What is the tens digit of h?
2
What is the hundreds digit of -3*1 + 424/6*3?
2
Suppose -519 = -28*v + 25*v. What is the units digit of v?
3
Let o(q) = -q**3 + 4. Let n be o(0). Suppose n*i - 118 = -34. What is the units digit of i?
1
Let a(s) = s**2 + 8*s + 7. Let q be a(-7). Suppose -9 = 3*r, q = -m + 5*r + 35 - 5. Suppose -13 = -4*n - 4*j + m, 22 = n - 4*j. What is the units digit of n?
0
Suppose -5*i = -2*i + 18. What is the units digit of 1 - 3/(i/34)?
8
Suppose -9 = 4*k - 1. Let o be k/5 - 108/30. What is the tens digit of (o/(-5))/(4/50)?
1
Let p = 19 - 4. Let t = p - 6. Suppose 4*d - 49 = -t. What is the units digit of d?
0
Let h = -64 - -115. Let p = h + -36. Suppose 5*m - p = 0, 2*a + 3*m - 13 = 10. What is the units digit of a?
7
Suppose 0 = z + u + 61, z - 4*z = -2*u + 178. Let v = 101 + z. What is the tens digit of v?
4
Suppose -5*w + 3*t + 215 = 0, -49 - 81 = -3*w + 2*t. Suppose -5*q = -o + 22, -o - 5*q + w = -q. What is the units digit of o?
2
Let d(u) = 2*u**2 + 7*u - 7. Let o(l) = -3*l**2 - 7*l + 7. Let p be 68/(-18) - 10/45. Let k(s) = p*d(s) - 3*o(s). What is the units digit of k(7)?
7
Let o = 5 - 2. Suppose -o*g + 18 + 3 = 0. What is the units digit of g?
7
Let i(d) = -5*d + 1. Let b be i(5). Let o = -12 - b. What is the units digit of o?
2
Let s = -21 - -70. Suppose s = 2*w - 27. What is the units digit of w?
8
Suppose -24 = -35*m + 31*m. Let d be (3/(-1))/(6/4). Let k = m + d. What is the units digit of k?
4
Let u = 7 + -3. Suppose -3*f + 3*g + 17 + 31 = 0, -u*f = -g - 55. What is the tens digit of f?
1
Suppose c = 4*c - 3. Let k = c + 3. What is the units digit of k?
4
Suppose 4*m - 113 = 7. Let j = -24 + m. What is the units digit of j?
6
Let p(i) = i**3 - 3*i**2 - i + 3. Let n be p(3). Suppose -5*o - 4*r + r + 57 = 0, -4*r - 4 = n. What is the tens digit of o?
1
Let d(k) = 11*k**2 - 4*k + 8. What is the tens digit of d(3)?
9
Let h = 31 + -19. Suppose -3*a + h = 3. Suppose -a*p = p - 16. What is the units digit of p?
4
Let l = 3 - 2. Let x = 5 + l. What is the units digit of x?
6
Let s be 35/(-2) - 2/4. What is the units digit of (-2)/(-9) + (-158)/s?
9
Let j = 1 - -1. Suppose -4*y + 24 = 2*r, -j*y + r = -3*r - 32. What is the units digit of y?
8
Let o be (-3)/12 - 9/(-4). Suppose o*x + 23 = -g, -3*x + 4*g - 56 = 6. Let a = -4 - x. What is the units digit of a?
0
What is the hundreds digit of 3528/18*(-3)/(-4)?
1
Let o = -8 + 11. Suppose 0 = 3*l + 4*c - 41, -o*l - 3*c + 46 = -4*c. What is the units digit of l?
5
Let x be (-3)/(-2)*30/9. Suppose x + 1 = v. What is the units digit of v?
6
Suppose 55 - 225 = -5*l. What is the tens digit of l?
3
Suppose 4*a - 229 = -4*n - 61, -4*a + 153 = n. Suppose -a = -4*s + 7. What is the units digit of s?
1
Suppose 2*b - 470 = -2*t, 5*t = 3*b + 450 + 693. What is the units digit of t?
1
Suppose 0 = -5*b + 4*p + 67, -3*b - 5*p = -32 - 23. Suppose b = 5*t - f, 7 = 4*t + 3*f - 5. What is the units digit of t?
3
Let j(k) = -k**3 + 8*k**2 + 8*k + 11. Let y be j(9). Suppose -23 = 5*g - 83. Suppose 0*s - g = -y*s. What is the units digit of s?
6
Suppose 0*v + 3*v = 81. What is the tens digit of v?
2
Suppose -w + 0*r + 63 = -3*r, -2*r + 10 = 0. What is the tens digit of w?
7
Suppose -2*k + 2 = -4. Let j = 0 + k. What is the units digit of j?
3
Suppose 2*z = -z. Suppose z = -0*x + x + 5*d + 23, 2*x = d + 9. What is the units digit of (2/x)/((-1)/(-6))?
6
Let w(x) = x**2 - 4*x - 4. Let q be w(-3). Suppose -2*k = 3*y - q, 2*k - 7*y = -3*y + 38. What is the units digit of k?
3
Suppose 135 = -0*f + 5*f. What is the tens digit of f?
2
Let q(j) = j**3 - 3*j**2 - 6*j - 6. What is the tens digit of q(5)?
1
Let w(d) = d**2 - 7*d + 8. Let i(z) = z**3 - 6*z**2 + 5*z + 7. Let n be i(5). What is the units digit of w(n)?
8
Let l(f) = -2*f**3 + 2*f**2 - 5 - 2*f + 0*f + f**3 + 2. What is the units digit of l(-2)?
7
Let j(a) = -2*a**2 - a + 3. Let m(u) = 4*u**2 + 2*u - 7. Let x(c) = c**3 - c - 1. Let r be x(-2). Let k(g) = r*j(g) - 3*m(g). What is the units digit of k(1)?
3
Suppose 5*r + 12 + 38 = 0. Let x(u) = u**3 + 11*u**2 + 8*u + 5. What is the tens digit of x(r)?
2
Let n = 0 - -3. Suppose -n + 73 = 2*t. What is the tens digit of t?
3
Let g = 6 + 6. What is the units digit of g?
2
Let d(b) = -b - 9. Let o be d(-11). What is the units digit of (o*-2)/((-8)/12)?
6
Let p = 11 - 7. Suppose -p*r - 12 + 88 = 0. What is the units digit of r?
9
Let x(p) = -p**3 - 6*p**2 - 2*p + 7. Let d be x(-5). Let z = 25 + d. What is the units digit of z?
7
Let t be 9/1*1/3. Suppose -t*g + 36 = -3*n, 6*g + 36 = -3*n + 3*g. What is the units digit of n/8 - 30/(-4)?
6
Suppose 2*o = 5*o. What is the units digit of (o - -6)*(-12)/(-9)?
8
Suppose -3 = -3*o, o + 4*o = y - 72. What is the tens digit of y?
7
What is the units digit of ((-2)/3)/(1/(-36))?
4
Let s(j) = -j**3 - 11*j**2 - 13*j + 5. Let a be (16/(-40))/((-2)/(-50)). What is the tens digit of s(a)?
3
Let w be 59/5 + (-2)/(-10). What is the tens digit of (w/(-4) + 2)*-14?
1
Let q = -19 - -22. Suppose -u + q*u - 68 = 0. What is the units digit of u?
4
Let g be 5 + -3 - (-9 + 3). Let l = g + -7. What is the units digit of l?
1
Let k(d) = 7*d - 22. What is the tens digit of k(5)?
1
Let j(f) = -f**2 + 9*f - 2. Let n be j(8). Let i = 10 - n. Suppose h + 0*h - 3 = -4*m, -i*h = -4*m - 52. What is the units digit of h?
1
Suppose -333 = 2*q - 5*q. What is the tens digit of q?
1
Let y(s) = s**3 + 7*s**2 + 2*s + 9. What is the tens digit of y(-4)?
4
Let u(i) = 2*i + 4. Let v be (45/(-12))/(-5)*-4. Let o be u(v). What is the units digit of 1 + o + 3/1?
2
Let d(g) = -100*g + 2. What is the hundreds digit of d(-2)?
2
Suppose -12 + 5 = -c. Let o(p) = -p**2 - 6*p + 9. Let x be o(-7). Suppose 0 = -x*a + 29 - c. What is the tens digit of a?
